at is the highest common factor of 913293 and 4869?
9
Calculate the highest common factor of 3789564273 and 1089.
1089
What is the highest common divisor of 14098 and 515242?
266
Calculate the greatest common divisor of 2626462 and 5428.
46
What is the highest common divisor of 426 and 42293067?
213
What is the greatest common divisor of 552 and 1918?
2
What is the greatest common divisor of 1232 and 1286320?
112
What is the highest common divisor of 1248 and 26946720?
96
Calculate the highest common factor of 14210 and 156086.
14
What is the greatest common divisor of 75492 and 213428?
932
What is the highest common factor of 53841 and 822672533?
17947
Calculate the greatest common divisor of 2321136 and 251505.
729
What is the highest common factor of 74273066 and 28?
14
What is the greatest common divisor of 20929649 and 3965?
793
Calculate the greatest common factor of 37649195 and 45.
5
What is the highest common divisor of 466953 and 13485?
93
What is the highest common divisor of 60 and 117429408?
12
What is the greatest common divisor of 175880 and 37160?
40
Calculate the greatest common divisor of 147741 and 5412.
33
What is the highest common factor of 2760300 and 48?
12
What is the greatest common factor of 388 and 17931323?
97
What is the highest common factor of 234 and 9811554?
6
What is the greatest common factor of 125749 and 9571?
17
What is the greatest common divisor of 75415456 and 596?
596
What is the highest common factor of 16973 and 22097303?
1543
What is the highest common divisor of 20056 and 470879782?
5014
What is the greatest common factor of 28469 and 195167?
343
Calculate the highest common factor of 962 and 96612698.
962
Calculate the greatest common divisor of 790530 and 59605.
65
What is the greatest common divisor of 2482536 and 5243?
49
Calculate the greatest common factor of 180 and 8354730.
30
What is the highest common divisor of 42859092 and 5424?
1356
What is the highest common divisor of 90 and 5789646?
18
Calculate the highest common divisor of 57798 and 8856432.
4446
Calculate the highest common factor of 125292 and 290652.
636
What is the greatest common divisor of 3426505 and 4?
1
Calculate the greatest common divisor of 656 and 4007176.
328
What is the highest common divisor of 37231341 and 126?
21
What is the highest common divisor of 22848842 and 514?
514
Calculate the greatest common factor of 20131011 and 792693.
4239
Calculate the greatest common divisor of 53874650 and 25.
25
Calculate the highest common factor of 575 and 160849258.
23
What is the greatest common divisor of 1046320 and 18320?
80
What is the highest common divisor of 32 and 716760400?
16
What is the highest common factor of 10 and 21037760?
10
What is the greatest common factor of 210 and 3358936?
14
Calculate the greatest common divisor of 595 and 155568224.
119
Calculate the greatest common divisor of 27271893 and 1683.
561
What is the greatest common factor of 696896320 and 12880?
1840
What is the greatest common divisor of 65634 and 11550?
6
Calculate the greatest common factor of 31493 and 212289.
77
Calculate the greatest common divisor of 8023503 and 2847.
219
What is the highest common factor of 2480544 and 12852?
108
What is the highest common divisor of 57 and 6965913?
57
What is the highest common factor of 2034943 and 3994?
1997
What is the highest common divisor of 5 and 1538795?
5
What is the greatest common divisor of 321048144 and 288?
144
What is the highest common factor of 513 and 1251983169?
513
What is the highest common factor of 410 and 15349170?
410
What is the greatest common divisor of 1376 and 94064?
16
What is the greatest common divisor of 126 and 3947436?
18
Calculate the highest common factor of 7249116 and 7938.
42
What is the greatest common divisor of 71906322 and 6?
6
Calculate the highest common divisor of 20 and 21666550.
10
What is the greatest common divisor of 1717 and 315625?
101
What is the greatest common divisor of 1326315 and 13920?
435
What is the greatest common divisor of 60 and 19188852?
12
What is the greatest common divisor of 1617 and 145863641?
539
Calculate the highest common divisor of 118 and 430373494.
118
What is the greatest common divisor of 16259580 and 43260?
6180
What is the greatest common divisor of 171412659 and 405?
27
What is the highest common factor of 254243 and 77309?
797
Calculate the highest common divisor of 272 and 3523480112.
272
Calculate the highest common factor of 49647720 and 1845.
615
What is the greatest common factor of 165835211 and 38?
19
Calculate the highest common divisor of 46492824 and 1241.
1241
Calculate the greatest common factor of 88270 and 11714.
2
Calculate the greatest common divisor of 64 and 4877776.
16
What is the highest common divisor of 209376 and 9648?
144
What is the greatest common factor of 92 and 4556668?
92
Calculate the highest common divisor of 34809 and 115005.
123
Calculate the highest common divisor of 173902218 and 16422.
966
Calculate the highest common divisor of 481968 and 1848.
24
What is the greatest common factor of 539 and 62459320?
539
What is the highest common divisor of 6591 and 391599?
39
Calculate the greatest common factor of 1332 and 1571316.
444
Calculate the greatest common factor of 32860950 and 5110.
730
What is the greatest common divisor of 201295534 and 12110?
346
Calculate the highest common factor of 1437 and 25496691.
1437
What is the highest common divisor of 6486116 and 721?
721
What is the greatest common factor of 5878728 and 72?
72
What is the greatest common divisor of 69864 and 119064?
984
Calculate the highest common factor of 862376559 and 2783.
2783
What is the highest common divisor of 7408938 and 1098?
366
What is the greatest common divisor of 1035757880 and 10?
10
Calculate the greatest common divisor of 11381 and 420983.
19
Calculate the greatest common divisor of 424410 and 17458.
602
What is the greatest common factor of 1346 and 1212151741?
673
What is the greatest common factor of 180652 and 51300?
76
What is the greatest common factor of 328916 and 7364?
28
Calculate the highest common divisor of 6802 and 490444606.
6802
Calculate the greatest common divisor of 155965496 and 61888.
7736
What is the greatest common factor of 9 and 159265269?
9
What is the greatest common divisor of 289 and 19195091?
289
What is the highest common divisor of 13840645 and 585?
65
What is the highest common factor of 46766 and 190682?
134
What is the greatest common factor of 44472 and 1771179?
51
What is the highest common divisor of 35 and 1409562?
7
Calculate the greatest common divisor of 94733 and 19640791.
1553
What is the highest common divisor of 53289 and 480159?
279
Calculate the greatest common factor of 892875 and 1750.
125
Calculate the highest common factor of 56 and 1575728.
56
Calculate the highest common divisor of 2035 and 30061834.
407
What is the greatest common divisor of 48 and 15973053?
3
What is the highest common divisor of 3172 and 44042732?
244
What is the highest common factor of 59644 and 856964?
124
Calculate the greatest common factor of 4747 and 16855.
1
Calculate the greatest common divisor of 42240 and 15329820.
660
Calculate the greatest common factor of 91643 and 322163.
113
Calculate the highest common divisor of 52536 and 44469336.
4776
Calculate the greatest common factor of 5186737 and 145.
29
Calculate the highest common divisor of 211 and 119036.
1
Calculate the greatest common divisor of 69580 and 1904140.
980
Calculate the highest common factor of 1476943 and 13.
13
Calculate the highest common divisor of 440 and 1303960.
40
What is the greatest common factor of 59121855 and 60?
15
Calculate the greatest common divisor of 167880318 and 618.
618
Calculate the greatest common divisor of 2232958 and 11375.
91
Calculate the highest common factor of 3300 and 1427250.
1650
What is the highest common factor of 111072192 and 4098?
4098
Calculate the greatest common divisor of 47682393 and 355.
71
Calculate the highest common factor of 109141100 and 275.
25
Calculate the highest common factor of 7303699 and 142.
71
What is the highest common factor of 351 and 54093?
39
What is the greatest common factor of 2734140 and 60?
60
Calculate the highest 